-- MariaDB dump 10.19  Distrib 10.11.6-MariaDB, for debian-linux-gnu (x86_64)
--
-- Host: localhost    Database: glpi
-- ------------------------------------------------------
-- Server version	10.11.6-MariaDB-0+deb12u1

/*!40101 SET @OLD_CHARACTER_SET_CLIENT=@@CHARACTER_SET_CLIENT */;
/*!40101 SET @OLD_CHARACTER_SET_RESULTS=@@CHARACTER_SET_RESULTS */;
/*!40101 SET @OLD_COLLATION_CONNECTION=@@COLLATION_CONNECTION */;
/*!40101 SET NAMES utf8mb4 */;
/*!40103 SET @OLD_TIME_ZONE=@@TIME_ZONE */;
/*!40103 SET TIME_ZONE='+00:00' */;
/*!40014 SET @OLD_UNIQUE_CHECKS=@@UNIQUE_CHECKS, UNIQUE_CHECKS=0 */;
/*!40014 SET @OLD_FOREIGN_KEY_CHECKS=@@FOREIGN_KEY_CHECKS, FOREIGN_KEY_CHECKS=0 */;
/*!40101 SET @OLD_SQL_MODE=@@SQL_MODE, SQL_MODE='NO_AUTO_VALUE_ON_ZERO' */;
/*!40111 SET @OLD_SQL_NOTES=@@SQL_NOTES, SQL_NOTES=0 */;

--
-- Table structure for table `glpi_tickets`
--

DROP TABLE IF EXISTS `glpi_tickets`;
/*!40101 SET @saved_cs_client     = @@character_set_client */;
/*!40101 SET character_set_client = utf8 */;
CREATE TABLE `glpi_tickets` (
  `id` int(10) unsigned NOT NULL AUTO_INCREMENT,
  `entities_id` int(10) unsigned NOT NULL DEFAULT 0,
  `name` varchar(255) DEFAULT NULL,
  `date` timestamp NULL DEFAULT NULL,
  `closedate` timestamp NULL DEFAULT NULL,
  `solvedate` timestamp NULL DEFAULT NULL,
  `takeintoaccountdate` timestamp NULL DEFAULT NULL,
  `date_mod` timestamp NULL DEFAULT NULL,
  `users_id_lastupdater` int(10) unsigned NOT NULL DEFAULT 0,
  `status` int(11) NOT NULL DEFAULT 1,
  `users_id_recipient` int(10) unsigned NOT NULL DEFAULT 0,
  `requesttypes_id` int(10) unsigned NOT NULL DEFAULT 0,
  `content` longtext DEFAULT NULL,
  `urgency` int(11) NOT NULL DEFAULT 1,
  `impact` int(11) NOT NULL DEFAULT 1,
  `priority` int(11) NOT NULL DEFAULT 1,
  `itilcategories_id` int(10) unsigned NOT NULL DEFAULT 0,
  `type` int(11) NOT NULL DEFAULT 1,
  `global_validation` int(11) NOT NULL DEFAULT 1,
  `slas_id_ttr` int(10) unsigned NOT NULL DEFAULT 0,
  `slas_id_tto` int(10) unsigned NOT NULL DEFAULT 0,
  `slalevels_id_ttr` int(10) unsigned NOT NULL DEFAULT 0,
  `time_to_resolve` timestamp NULL DEFAULT NULL,
  `time_to_own` timestamp NULL DEFAULT NULL,
  `begin_waiting_date` timestamp NULL DEFAULT NULL,
  `sla_waiting_duration` int(11) NOT NULL DEFAULT 0,
  `ola_waiting_duration` int(11) NOT NULL DEFAULT 0,
  `olas_id_tto` int(10) unsigned NOT NULL DEFAULT 0,
  `olas_id_ttr` int(10) unsigned NOT NULL DEFAULT 0,
  `olalevels_id_ttr` int(10) unsigned NOT NULL DEFAULT 0,
  `ola_tto_begin_date` timestamp NULL DEFAULT NULL,
  `ola_ttr_begin_date` timestamp NULL DEFAULT NULL,
  `internal_time_to_resolve` timestamp NULL DEFAULT NULL,
  `internal_time_to_own` timestamp NULL DEFAULT NULL,
  `waiting_duration` int(11) NOT NULL DEFAULT 0,
  `close_delay_stat` int(11) NOT NULL DEFAULT 0,
  `solve_delay_stat` int(11) NOT NULL DEFAULT 0,
  `takeintoaccount_delay_stat` int(11) NOT NULL DEFAULT 0,
  `actiontime` int(11) NOT NULL DEFAULT 0,
  `is_deleted` tinyint(4) NOT NULL DEFAULT 0,
  `locations_id` int(10) unsigned NOT NULL DEFAULT 0,
  `validation_percent` int(11) NOT NULL DEFAULT 0,
  `date_creation` timestamp NULL DEFAULT NULL,
  PRIMARY KEY (`id`),
  KEY `date` (`date`),
  KEY `closedate` (`closedate`),
  KEY `status` (`status`),
  KEY `priority` (`priority`),
  KEY `request_type` (`requesttypes_id`),
  KEY `date_mod` (`date_mod`),
  KEY `entities_id` (`entities_id`),
  KEY `users_id_recipient` (`users_id_recipient`),
  KEY `solvedate` (`solvedate`),
  KEY `takeintoaccountdate` (`takeintoaccountdate`),
  KEY `urgency` (`urgency`),
  KEY `impact` (`impact`),
  KEY `global_validation` (`global_validation`),
  KEY `slas_id_tto` (`slas_id_tto`),
  KEY `slas_id_ttr` (`slas_id_ttr`),
  KEY `time_to_resolve` (`time_to_resolve`),
  KEY `time_to_own` (`time_to_own`),
  KEY `olas_id_tto` (`olas_id_tto`),
  KEY `olas_id_ttr` (`olas_id_ttr`),
  KEY `slalevels_id_ttr` (`slalevels_id_ttr`),
  KEY `internal_time_to_resolve` (`internal_time_to_resolve`),
  KEY `internal_time_to_own` (`internal_time_to_own`),
  KEY `users_id_lastupdater` (`users_id_lastupdater`),
  KEY `type` (`type`),
  KEY `itilcategories_id` (`itilcategories_id`),
  KEY `is_deleted` (`is_deleted`),
  KEY `name` (`name`),
  KEY `locations_id` (`locations_id`),
  KEY `date_creation` (`date_creation`),
  KEY `ola_waiting_duration` (`ola_waiting_duration`),
  KEY `olalevels_id_ttr` (`olalevels_id_ttr`)
) ENGINE=InnoDB AUTO_INCREMENT=11 DEFAULT CHARSET=utf8mb4 COLLATE=utf8mb4_unicode_ci ROW_FORMAT=DYNAMIC;
/*!40101 SET character_set_client = @saved_cs_client */;

--
-- Dumping data for table `glpi_tickets`
--

LOCK TABLES `glpi_tickets` WRITE;
/*!40000 ALTER TABLE `glpi_tickets` DISABLE KEYS */;
INSERT INTO `glpi_tickets` VALUES
(1,0,'liberer le serveur zephir et proposer une solution pour steeve','2024-10-08 09:00:00',NULL,NULL,'2024-10-08 08:01:21','2024-10-15 12:24:57',7,4,7,2,'&#60;p&#62;Raphael chef de la comptabilité&#60;/p&#62;\n&#60;p&#62;Bonjour, le logiciel Zefyr n\'étant pas suffisament maîtrisé par mon équipe, j\'ai donc supprimé les comptes d\'accès des collaborateurs. Vous pouvez désormais libérer le serveur ainsi que sa base de donnée. Merci&#60;/p&#62;\n&#60;p&#62; &#60;/p&#62;\n&#60;p&#62;cependant steeve l\'utilise quotidiennement et ne peux plus travailler sans&#60;/p&#62;',3,2,2,0,1,1,0,0,0,NULL,NULL,'2024-10-15 12:24:57',0,0,0,0,0,NULL,NULL,NULL,NULL,75,0,0,1,0,0,0,0,'2024-10-08 08:01:21'),
(2,0,'impossibilité de s\'identifier via l\'active directory','2024-10-08 09:30:00',NULL,'2024-10-15 12:28:37','2024-10-08 08:04:17','2024-10-15 12:28:37',7,5,7,1,'&#60;p&#62;Charly de la comptabilité&#60;/p&#62;\n&#60;p&#62; &#60;/p&#62;\n&#60;p&#62;Bonjour, je vous appelle car depuis ce matin, je n’arrive plus à m’identifier sur mon poste ni sur aucun autre poste. J’ai simplement l’erreur : “Mot de passe invalide\"&#60;/p&#62;',3,3,3,0,1,1,0,0,0,NULL,NULL,'2024-10-15 12:28:37',0,0,0,0,0,NULL,NULL,NULL,NULL,0,0,615517,1,0,0,0,0,'2024-10-08 08:04:17'),
(3,0,'le nouveau dev web demande l\'acces aux logs de l\'application','2024-10-08 11:30:00',NULL,NULL,NULL,'2024-10-08 08:07:41',7,2,7,3,'&#60;p&#62;Édouard de l\'équipe Développement&#60;/p&#62;\n&#60;p&#62; &#60;/p&#62;\n&#60;p&#62;Bonjour, je suis un nouveau développeur web sur le projet de refonte du site. J’aurais besoin d’avoir accès au compte root du serveur pour pouvoir déboguer un problème d’affichage sur certains navigateurs. Merci d’avance.&#60;/p&#62;\n&#60;p&#62; &#60;/p&#62;\n&#60;p&#62;Apres discussion avec lui il s\'avere qu\'il a finalement besoin d\'un acces aux logs de son application&#60;/p&#62;',3,3,3,0,1,1,0,0,0,NULL,NULL,NULL,0,0,0,0,0,NULL,NULL,NULL,NULL,0,0,0,0,0,0,0,0,'2024-10-08 08:07:41'),
(4,0,'demande d\'information sur la distribution des nouveaux telephones','2024-10-08 10:45:00',NULL,NULL,NULL,'2024-10-08 08:10:24',7,2,7,4,'&#60;p&#62;Philippe de l\'équipe commerciale souhaite savoir quand il pourrait obtenir son nouveau telephone&#60;/p&#62;',1,1,1,0,2,1,0,0,0,NULL,NULL,NULL,0,0,0,0,0,NULL,NULL,NULL,NULL,0,0,0,0,0,0,0,0,'2024-10-08 08:10:24'),
(5,0,'Les machines du réseau 10.0.1.0/24 ont besoin d\'accéder à un service web hébergé chez le partenaire Ocito','2024-10-08 13:00:00',NULL,NULL,'2024-10-08 08:14:34','2024-10-16 15:35:28',7,4,7,4,'&#60;p&#62;prendre contact avec le partenaire Ocito pour le guider pour la configuration du VPN et lui donner les flux a ouvrir pour pouvoir acceder a ses équipements&#60;/p&#62;',2,2,2,0,2,1,0,0,0,NULL,NULL,'2024-10-15 16:59:14',0,0,0,0,0,NULL,NULL,NULL,NULL,0,0,0,1,0,0,0,0,'2024-10-08 08:14:34'),
(6,0,'Un code d’alerte E458 remonte sur la climatisation numéro 3','2024-10-08 08:16:36',NULL,NULL,NULL,'2024-10-08 08:16:36',7,2,7,4,'&#60;p&#62;voir avec la société de maintenance clim service&#60;/p&#62;',1,1,1,0,1,1,0,0,0,NULL,NULL,NULL,0,0,0,0,0,NULL,NULL,NULL,NULL,0,0,0,0,0,0,0,0,'2024-10-08 08:16:36'),
(7,0,'refaire un stock de disques durs en salle machine','2024-10-08 14:10:00',NULL,NULL,'2024-10-08 08:19:54','2024-10-16 15:45:47',7,4,7,3,'&#60;p&#62;Karim de l\'équipe Hardware&#60;/p&#62;\n&#60;p&#62;Bonjour, on n’a plus de stock de disques durs en salle machine. Tu peux recommander 10 disques de 4 To et 5 de 8 To, STP ?&#60;/p&#62;',3,2,2,0,2,1,0,0,0,NULL,NULL,'2024-10-15 12:48:39',0,0,0,0,0,NULL,NULL,NULL,NULL,19,0,0,1,0,1,0,0,'2024-10-08 08:19:54'),
(8,0,'Le PDG souhaite de l\'aide pour installer itunes sur son portable','2024-10-08 14:45:00',NULL,NULL,NULL,'2024-10-16 09:06:14',7,2,7,4,'&#60;p&#62;Guillaume le PDG&#60;/p&#62;\n&#60;p&#62;Bonjour, je n\'arrive pas à installer iTunes sur mon ordinateur portable. Pourriez-vous m\'aider ?&#60;/p&#62;',2,2,2,0,1,1,0,0,0,NULL,NULL,NULL,0,0,0,0,0,NULL,NULL,NULL,NULL,0,0,0,0,0,0,0,0,'2024-10-08 08:22:14'),
(9,0,'perte de l\'acces a son compte mail depuis l\'ouverture d\'une piece jointe','2024-10-08 15:30:00',NULL,NULL,NULL,'2024-10-08 08:27:33',7,2,7,3,'&#60;p&#62;Samuel de l\'équipe Marketing&#60;/p&#62;\n&#60;p&#62; &#60;/p&#62;\n&#60;p&#62;Bonjour, un prestataire externe m\'a envoyé un devis par mail. Depuis, mon adresse mail n\'est plus du tout accessible. La suite bureautique non plus. Je ne peux plus rien faire SVP il faut que vous m\'aidiez !&#60;/p&#62;',3,3,3,0,1,1,0,0,0,NULL,NULL,NULL,0,0,0,0,0,NULL,NULL,NULL,NULL,0,0,0,0,0,0,0,0,'2024-10-08 08:27:33'),
(10,0,'refaire un stock de disques durs en salle machine','2024-10-08 14:10:00',NULL,NULL,'2024-10-16 15:44:34','2024-10-16 15:46:25',7,4,7,3,'&#60;p&#62;Karim de l\'équipe Hardware&#60;/p&#62;\n&#60;p&#62;Bonjour, on n’a plus de stock de disques durs en salle machine. Tu peux recommander 10 disques de 4 To et 5 de 8 To, STP ?&#60;/p&#62;',3,2,2,0,2,1,0,0,0,NULL,NULL,'2024-10-08 14:10:00',0,0,0,0,0,NULL,NULL,NULL,NULL,0,0,0,696874,0,0,0,0,'2024-10-16 15:44:34');
/*!40000 ALTER TABLE `glpi_tickets` ENABLE KEYS */;
UNLOCK TABLES;

--
-- Table structure for table `glpi_tickets_tickets`
--

DROP TABLE IF EXISTS `glpi_tickets_tickets`;
/*!40101 SET @saved_cs_client     = @@character_set_client */;
/*!40101 SET character_set_client = utf8 */;
CREATE TABLE `glpi_tickets_tickets` (
  `id` int(10) unsigned NOT NULL AUTO_INCREMENT,
  `tickets_id_1` int(10) unsigned NOT NULL DEFAULT 0,
  `tickets_id_2` int(10) unsigned NOT NULL DEFAULT 0,
  `link` int(11) NOT NULL DEFAULT 1,
  PRIMARY KEY (`id`),
  UNIQUE KEY `unicity` (`tickets_id_1`,`tickets_id_2`),
  KEY `tickets_id_2` (`tickets_id_2`)
) ENGINE=InnoDB DEFAULT CHARSET=utf8mb4 COLLATE=utf8mb4_unicode_ci ROW_FORMAT=DYNAMIC;
/*!40101 SET character_set_client = @saved_cs_client */;

--
-- Dumping data for table `glpi_tickets_tickets`
--

LOCK TABLES `glpi_tickets_tickets` WRITE;
/*!40000 ALTER TABLE `glpi_tickets_tickets` DISABLE KEYS */;
/*!40000 ALTER TABLE `glpi_tickets_tickets` ENABLE KEYS */;
UNLOCK TABLES;

--
-- Table structure for table `glpi_tickets_users`
--

DROP TABLE IF EXISTS `glpi_tickets_users`;
/*!40101 SET @saved_cs_client     = @@character_set_client */;
/*!40101 SET character_set_client = utf8 */;
CREATE TABLE `glpi_tickets_users` (
  `id` int(10) unsigned NOT NULL AUTO_INCREMENT,
  `tickets_id` int(10) unsigned NOT NULL DEFAULT 0,
  `users_id` int(10) unsigned NOT NULL DEFAULT 0,
  `type` int(11) NOT NULL DEFAULT 1,
  `use_notification` tinyint(4) NOT NULL DEFAULT 1,
  `alternative_email` varchar(255) DEFAULT NULL,
  PRIMARY KEY (`id`),
  UNIQUE KEY `unicity` (`tickets_id`,`type`,`users_id`,`alternative_email`),
  KEY `user` (`users_id`,`type`)
) ENGINE=InnoDB AUTO_INCREMENT=20 DEFAULT CHARSET=utf8mb4 COLLATE=utf8mb4_unicode_ci ROW_FORMAT=DYNAMIC;
/*!40101 SET character_set_client = @saved_cs_client */;

--
-- Dumping data for table `glpi_tickets_users`
--

LOCK TABLES `glpi_tickets_users` WRITE;
/*!40000 ALTER TABLE `glpi_tickets_users` DISABLE KEYS */;
INSERT INTO `glpi_tickets_users` VALUES
(1,1,7,2,0,''),
(2,2,7,1,0,''),
(3,2,7,2,0,''),
(4,3,7,1,0,''),
(5,3,4,2,0,''),
(6,4,7,1,0,''),
(7,4,4,2,0,''),
(8,5,7,1,0,''),
(9,5,7,2,0,''),
(10,6,7,1,0,''),
(11,6,4,2,0,''),
(12,7,7,1,0,''),
(13,7,7,2,0,''),
(14,8,7,1,0,''),
(15,8,4,2,0,''),
(16,9,7,1,0,''),
(17,9,4,2,0,''),
(18,10,7,1,0,''),
(19,10,7,2,0,'');
/*!40000 ALTER TABLE `glpi_tickets_users` ENABLE KEYS */;
UNLOCK TABLES;

--
-- Table structure for table `glpi_tickettasks`
--

DROP TABLE IF EXISTS `glpi_tickettasks`;
/*!40101 SET @saved_cs_client     = @@character_set_client */;
/*!40101 SET character_set_client = utf8 */;
CREATE TABLE `glpi_tickettasks` (
  `id` int(10) unsigned NOT NULL AUTO_INCREMENT,
  `uuid` varchar(255) DEFAULT NULL,
  `tickets_id` int(10) unsigned NOT NULL DEFAULT 0,
  `taskcategories_id` int(10) unsigned NOT NULL DEFAULT 0,
  `date` timestamp NULL DEFAULT NULL,
  `users_id` int(10) unsigned NOT NULL DEFAULT 0,
  `users_id_editor` int(10) unsigned NOT NULL DEFAULT 0,
  `content` longtext DEFAULT NULL,
  `is_private` tinyint(4) NOT NULL DEFAULT 0,
  `actiontime` int(11) NOT NULL DEFAULT 0,
  `begin` timestamp NULL DEFAULT NULL,
  `end` timestamp NULL DEFAULT NULL,
  `state` int(11) NOT NULL DEFAULT 1,
  `users_id_tech` int(10) unsigned NOT NULL DEFAULT 0,
  `groups_id_tech` int(10) unsigned NOT NULL DEFAULT 0,
  `date_mod` timestamp NULL DEFAULT NULL,
  `date_creation` timestamp NULL DEFAULT NULL,
  `tasktemplates_id` int(10) unsigned NOT NULL DEFAULT 0,
  `timeline_position` tinyint(4) NOT NULL DEFAULT 0,
  `sourceitems_id` int(10) unsigned NOT NULL DEFAULT 0,
  `sourceof_items_id` int(10) unsigned NOT NULL DEFAULT 0,
  PRIMARY KEY (`id`),
  UNIQUE KEY `uuid` (`uuid`),
  KEY `date` (`date`),
  KEY `date_mod` (`date_mod`),
  KEY `date_creation` (`date_creation`),
  KEY `users_id` (`users_id`),
  KEY `users_id_editor` (`users_id_editor`),
  KEY `tickets_id` (`tickets_id`),
  KEY `is_private` (`is_private`),
  KEY `taskcategories_id` (`taskcategories_id`),
  KEY `state` (`state`),
  KEY `users_id_tech` (`users_id_tech`),
  KEY `groups_id_tech` (`groups_id_tech`),
  KEY `begin` (`begin`),
  KEY `end` (`end`),
  KEY `tasktemplates_id` (`tasktemplates_id`),
  KEY `sourceitems_id` (`sourceitems_id`),
  KEY `sourceof_items_id` (`sourceof_items_id`)
) ENGINE=InnoDB AUTO_INCREMENT=4 DEFAULT CHARSET=utf8mb4 COLLATE=utf8mb4_unicode_ci ROW_FORMAT=DYNAMIC;
/*!40101 SET character_set_client = @saved_cs_client */;

--
-- Dumping data for table `glpi_tickettasks`
--

LOCK TABLES `glpi_tickettasks` WRITE;
/*!40000 ALTER TABLE `glpi_tickettasks` DISABLE KEYS */;
INSERT INTO `glpi_tickettasks` VALUES
(1,'3c6459de-53ee-40cb-8eff-9bbb72914e82',5,0,'2024-10-16 15:35:08',7,0,'&#60;p&#62;Contact avec le partenaire Ocito pris, les elements suivants ont été demandés :&#60;/p&#62;\r\n&#60;p&#62;- l\'adresse IP publique &#60;/p&#62;\r\n&#60;p&#62;- le numero de port attribué au service web&#60;/p&#62;\r\n&#60;p&#62;- l\'adresse de sous réseau distant&#60;/p&#62;\r\n&#60;p&#62;- les certificats d\'authentification&#60;/p&#62;',0,0,NULL,NULL,2,7,0,'2024-10-16 15:35:08','2024-10-16 15:35:08',0,1,0,0),
(3,'68e2d580-a760-43f7-9678-73aa56e4e556',10,0,'2024-10-16 15:45:17',7,7,'&#60;p&#62;service achat contacté et commande de 10 disques de 4GO et 5 de 8 GO&#60;/p&#62;\r\n&#60;p&#62;references : &#60;/p&#62;\r\n&#60;p&#62;toshiba MG08ADA400N (4GO) x 10&#60;/p&#62;\r\n&#60;p&#62; &#60;/p&#62;\r\n&#60;p&#62;toshiba MG08ADA800E (8GO) x 5&#60;/p&#62;',0,0,NULL,NULL,2,7,0,'2024-10-16 15:45:22','2024-10-16 15:45:17',0,1,0,0);
/*!40000 ALTER TABLE `glpi_tickettasks` ENABLE KEYS */;
UNLOCK TABLES;

--
-- Table structure for table `glpi_ticketvalidations`
--

DROP TABLE IF EXISTS `glpi_ticketvalidations`;
/*!40101 SET @saved_cs_client     = @@character_set_client */;
/*!40101 SET character_set_client = utf8 */;
CREATE TABLE `glpi_ticketvalidations` (
  `id` int(10) unsigned NOT NULL AUTO_INCREMENT,
  `entities_id` int(10) unsigned NOT NULL DEFAULT 0,
  `users_id` int(10) unsigned NOT NULL DEFAULT 0,
  `tickets_id` int(10) unsigned NOT NULL DEFAULT 0,
  `users_id_validate` int(10) unsigned NOT NULL DEFAULT 0,
  `comment_submission` text DEFAULT NULL,
  `comment_validation` text DEFAULT NULL,
  `status` int(11) NOT NULL DEFAULT 2,
  `submission_date` timestamp NULL DEFAULT NULL,
  `validation_date` timestamp NULL DEFAULT NULL,
  `timeline_position` tinyint(4) NOT NULL DEFAULT 0,
  PRIMARY KEY (`id`),
  KEY `entities_id` (`entities_id`),
  KEY `users_id` (`users_id`),
  KEY `users_id_validate` (`users_id_validate`),
  KEY `tickets_id` (`tickets_id`),
  KEY `submission_date` (`submission_date`),
  KEY `validation_date` (`validation_date`),
  KEY `status` (`status`)
) ENGINE=InnoDB DEFAULT CHARSET=utf8mb4 COLLATE=utf8mb4_unicode_ci ROW_FORMAT=DYNAMIC;
/*!40101 SET character_set_client = @saved_cs_client */;

--
-- Dumping data for table `glpi_ticketvalidations`
--

LOCK TABLES `glpi_ticketvalidations` WRITE;
/*!40000 ALTER TABLE `glpi_ticketvalidations` DISABLE KEYS */;
/*!40000 ALTER TABLE `glpi_ticketvalidations` ENABLE KEYS */;
UNLOCK TABLES;
/*!40103 SET TIME_ZONE=@OLD_TIME_ZONE */;

/*!40101 SET SQL_MODE=@OLD_SQL_MODE */;
/*!40014 SET FOREIGN_KEY_CHECKS=@OLD_FOREIGN_KEY_CHECKS */;
/*!40014 SET UNIQUE_CHECKS=@OLD_UNIQUE_CHECKS */;
/*!40101 SET CHARACTER_SET_CLIENT=@OLD_CHARACTER_SET_CLIENT */;
/*!40101 SET CHARACTER_SET_RESULTS=@OLD_CHARACTER_SET_RESULTS */;
/*!40101 SET COLLATION_CONNECTION=@OLD_COLLATION_CONNECTION */;
/*!40111 SET SQL_NOTES=@OLD_SQL_NOTES */;

-- Dump completed on 2024-10-23 20:21:46
